lculate the remainder when v(-8) is divided by w(-5).
21
Suppose -293 - 347 = -4*s. Let p = -6975 + 7035. What is the remainder when s is divided by p?
40
Let t be 8/(-4)*6/(-4). Suppose -3*q - 5*r = -50, -3*q - t*r + 110 = 2*q. Calculate the remainder when 37 is divided by (-2)/2 + (q - 4).
17
Suppose v + 2*q - 71 = 0, -4*v - 1153*q = -1156*q - 240. What is the remainder when 746 is divided by v?
53
Let w(u) = -2*u**3 - 31*u**2 - 22*u - 27. Suppose -4*p - 7*p = 165. Let j be w(p). Suppose j*c - 135 = 77*c. What is the remainder when c is divided by 46?
43
Suppose 4*q + 4 = 3*u, -3*u - 11 = 5*q - 33. Suppose 0 = i + 5*x - 1, q*i + 3*x - 4 = -2*i. Calculate the remainder when 92 is divided by 1/((-1)/i)*-31.
30
Suppose j - 5*p = 6*j - 205, -193 = -5*j - 2*p. Suppose 57 = 5*t + n, 6*t = 3*t - 2*n + j. Let m = 144 + -101. What is the remainder when m is divided by t?
10
Suppose 2*q = 11 + 15. Suppose 4*b - 3*l - 527 = 0, l - 348 = -337. What is the remainder when b is divided by q?
10
Let g(t) = -439*t + 3082. Calculate the remainder when g(-3) is divided by 44.
43
Suppose 0 = -26*l + 21*l - 5*t + 205, -4*l = 3*t - 165. Suppose 17*i = 15*i + 44. Calculate the remainder when l is divided by i.
20
Let w(s) = -s**3 + 15*s**2 - 32*s + 12. What is the remainder when w(9) is divided by 22?
12
Let m(w) = 10*w**2 + 95*w + 43. Calculate the remainder when m(-11) is divided by 30.
28
Let k = -5009 - -6325. Calculate the remainder when k is divided by 165.
161
Let r(u) = -10*u + 14. Let f be r(-21). Let p = -177 + f. What is the remainder when p is divided by 7?
5
Suppose -120*d = -14322 - 7878. Let r = -44 + -42. Let u = 133 + r. Calculate the remainder when d is divided by u.
44
Calculate the remainder when 4*7010/40 + 4*(0 - 1) is divided by 192.
121
Suppose 0 = 19*n - 5*n - 114 - 390. Calculate the remainder when 1283 is divided by n.
23
Suppose -2*k + 0*k = 5*h + 6, 3*h - 3*k = 9. Suppose -r + 5*r - 116 = h. What is the remainder when 1*34*(-5)/(-2) is divided by r?
27
Suppose 9*k - 171 = 144. Calculate the remainder when (-1)/(-3)*(416 - k) is divided by 33.
28
Let t = 8976 + -6231. Suppose 2*n - 7*n = 2*x + 1345, 4*x + t = n. What is the remainder when (-4)/6*-1 - x/3 is divided by 33?
31
Let q = -15 - -19. Suppose 0 = q*d - 153 - 159. Let c = d + -64. Calculate the remainder when c is divided by 2.
0
Let m be ((-6)/(-8))/(5/40). Suppose -m*y - 327 + 975 = 0. Suppose -2*r = -y - 82. What is the remainder when r is divided by 16?
15
Let k(r) = 171*r + 3223. Calculate the remainder when k(-17) is divided by 194.
122
Suppose -150 = -b - 4*b + 2*t, 3*b - 2*t - 94 = 0. Let w = 401 + -303. Suppose 5*z - w = -b. Calculate the remainder when z is divided by 5.
4
Let g(m) = -35*m**2 + 2696*m + 2. Calculate the remainder when 3402 is divided by g(77).
5
Let b = 57 - 50. Suppose 1 + 48 = b*j. What is the remainder when 12 is divided by j?
5
Let s(b) be the first derivative of 2*b**3/3 - b**2/2 - 23*b - 60. What is the remainder when 128 is divided by s(4)?
3
Suppose -2*n - x + 33 = 0, 3*n + 4*x + 39 = 4*n. What is the remainder when n is divided by 3 + (-4 + 11/3)*-6?
4
Suppose -2*h = -319 + 283. Let a be 1/(-2) + (-55)/2. Let s = 41 + a. What is the remainder when h is divided by s?
5
Suppose 0 = -3*l, 99*l - 93*l + 8800 = 4*x. What is the remainder when x is divided by 440?
0
Let n(g) = 4*g**3 - 24*g**2 - 5*g + 100. What is the remainder when 2866 is divided by n(6)?
66
Let r(o) = 2*o**2 - 15*o + 43. Let v = 301 - 298. Calculate the remainder when 670 is divided by r(v).
14
Let g(s) = s + 43. Let c(r) = -r**2 + 6*r. Let n be c(6). Suppose -5*o = -2*h + 645 - 597, -72 = -3*h + 4*o. Calculate the remainder when g(n) is divided by h.
19
Suppose 3*l - a = a - 122, 2*l = 2*a - 82. Let u = -61 - l. Let w = 53 - u. Calculate the remainder when w is divided by 15.
14
Let k be (0 + -1 + -47)/((-9)/6). Suppose -1733 = k*g - 7845. What is the remainder when g is divided by 64?
63
Suppose f = 10 - 9. Suppose z = 2*s - f, -2 = 2*z + 5*s - s. What is the remainder when 34 is divided by z + 8 - (-2 + 0)?
7
Let k = -7328 - -7370. Calculate the remainder when 168 is divided by k.
0
Let i(z) = -8*z + 6. Let t be i(-2). Suppose -s = 2*m - t, 2*m + m + 71 = 5*s. Suppose 15*q + 16 = s*q. Calculate the remainder when 42 is divided by q.
10
Let t be (-40)/(-12)*12 - (2 + -3). Suppose -4*q + 264 = -0*q. Let m = q - t. Calculate the remainder when m is divided by 9.
7
Let s be 70/(-140) - (-679)/2. Let a = s - 275. What is the remainder when 188 is divided by a?
60
Suppose 6 = 3*w, 0 = 3*z + 3*w - 21 - 3. Suppose -u + 4 = 0, -5*i + 64 = -z*u + 2*u. Let a = -835 - -881. What is the remainder when a is divided by i?
14
Suppose -3*z - 12 = 0, 4*z + 28 = u + 2*u. Let y = -5226 - -5259. Calculate the remainder when y is divided by u.
1
Suppose -2*v = -15*v + 1196. Suppose -211 = -26*h + 387. What is the remainder when v is divided by h?
0
Let z = -11472 - -11473. Calculate the remainder when 32 is divided by z.
0
Suppose -2 + 18 = s. Let o(x) = -12*x + 129. Let w be 2*1 + (-240)/(-30). What is the remainder when s is divided by o(w)?
7
Suppose 82 = 2*j - t - 341, -4*j = -3*t - 843. What is the remainder when 5744 is divided by j?
206
Suppose 4*f - 3*w + 12 = -7*w, f - 5*w = 15. Suppose f*h + 629 = 5*t + h, 3*t + 2*h = 383. What is the remainder when t is divided by 6/8 - 99/(-12)?
8
Suppose -5*v - 130 = -18*v. Suppose f - 209 = -v*f. What is the remainder when 30 is divided by f?
11
Suppose -4 = -2*u + 50. Let n(i) = 6*i**3 + 23*i**2 - 62*i - 120. What is the remainder when n(-2) is divided by u?
21
Suppose 98*j - 1040 + 576 = 4044. Calculate the remainder when 1559 is divided by j.
41
Suppose -110*v + 93*v + 5389 = 0. What is the remainder when v is divided by 107?
103
Suppose -1051 = 4*l + n, l + 274 = 2*n - 6*n. Let g = l + 410. Calculate the remainder when g is divided by 38.
34
Calculate the remainder when (14/(-84)*(-44)/2)/((-4)/(-6228)) is divided by 102.
99
Suppose 43940*k + 176115 = 43955*k. What is the remainder when k is divided by 87?
83
Suppose 4*p + p - 100 = 0. Suppose 2*v = 2*u + 26, v + 3 = -35*u + 32*u. Calculate the remainder when p is divided by v.
2
Suppose -2*p + 4*h = 8, 0 = 2*p + 3*h - 12 - 1. Suppose k = n + 8, -p*n + 18 = k + 2*n. What is the remainder when (-352)/k*-5*1 is divided by 45?
41
Let h(v) be the first derivative of -5*v**4/4 - 2*v**3/3 - v**2/2 + 3*v + 39. What is the remainder when 109 is divided by h(-2)?
35
Suppose 52 = 14*c - 32. Calculate the remainder when (-2 - (8 + -34)) + c is divided by 9.
3
Suppose l - 56 = -84*v + 81*v, -4*l = -5*v - 173. What is the remainder when 127 is divided by l?
33
Suppose -2*v = -t - 9, 4*v + 4*t - 2*t - 38 = 0. Suppose 2*p + g - v = 37, p - 27 = -3*g. What is the remainder when 481 is divided by p?
19
Suppose -125*v + a = -127*v + 157, 0 = 3*v + 8*a - 190. Calculate the remainder when 707 is divided by v.
51
Suppose -4*u - 22 = -p, 357*p - 48 = 354*p + 6*u. Let f = -168 + 254. Calculate the remainder when f is divided by p.
6
Calculate the remainder when 75 is divided by 5 + (-32)/(-48)*(0 - (-390)/4).
5
What is the remainder when 20/(-150) - 230527/(-165) is divided by 6?
5
Let b be (-4 + -45)*(-3 + 0). Let t = 180 - b. What is the remainder when 65 is divided by t?
32
Let f(c) = 88*c + 730. What is the remainder when 206 is divided by f(-8)?
24
Let k = -9785 + 10203. What is the remainder when k is divided by 127?
37
Calculate the remainder when 589 is divided by 3*(-386)/(-42) - (-6)/14.
1
Let n(f) = -53*f - 3796. Calculate the remainder when n(-93) is divided by 282.
5
Suppose q - 2566 = -1713. Let l = -520 + q. What is the remainder when l is divided by 28?
25
Let x be 20 + -18 - (-328 + 2). Let l = -255 + x. Calculate the remainder when l is divided by 15.
13
Suppose 15864 - 11518 = 2*v. What is the remainder when v is divided by 144?
13
Let k be (0 + (-51)/(-6))/((-1)/(-2)). Let v = k + 26. Suppose 338 = 7*o - 5*o. What is the remainder when o is divided by v?
40
Let x = -61 - -80. Suppose -4 = -20*t + x*t. Suppose -s + 5*v = -16, -t*s + 179 = 2*v + v. Calculate the remainder when 201 is divided by s.
37
Let b be (-7)/((-6)/(-4) + -1). Let i = 8 - b. Calculate the remainder when i is divided by (4/4)/